2*s + 12. Let h be g(-5). Calculate the highest common divisor of h and 176.
22
Let j(c) = 7*c + 3. Let g be j(8). Let k be 22/(-231) - 1892/(-21). Let a = k - g. Calculate the greatest common divisor of 93 and a.
31
Suppose 18*m - 11*m - 672 = 0. Calculate the highest common divisor of 64 and m.
32
Let f = 258 - 125. Calculate the highest common factor of f and 76.
19
Let g = 3484 - 1328. What is the greatest common factor of g and 44?
44
Suppose 391*z - 397*z = -858. What is the greatest common factor of 77 and z?
11
Let a = 238 + -212. What is the highest common factor of 416 and a?
26
Let g(q) = -q - 14. Let n be g(-6). Let k = 10 - n. Let d = 363 + -361. What is the highest common divisor of k and d?
2
Suppose 2*u + 33*y - 29*y = 190, -5*y - 10 = 0. Calculate the greatest common divisor of u and 429.
33
Suppose 0 = -3*f + 14*f + 506. Let z = -32 - f. Calculate the greatest common divisor of z and 42.
14
Let f(i) = 2*i**2 - 8*i + 11. Let t be f(2). What is the greatest common divisor of t and 159?
3
Let s = 23 - 27. Let o = 52 + s. Calculate the greatest common divisor of 120 and o.
24
Let b(c) = c**2 - 3*c - 22. Let l be b(11). Let t be ((-12)/7)/(12/(-42)). What is the highest common factor of t and l?
6
Let y(b) = b + 14. Suppose 2*q = 7*q - 3*t + 15, -3*q = 4*t + 38. Let v be y(q). Suppose -76 = -18*h + 68. What is the greatest common factor of v and h?
8
Let p(k) = 3*k**3 + 2*k**2 - 2*k - 3. Let u be p(-1). Let o(x) = -13*x - 9. Let a be o(u). What is the highest common factor of a and 119?
17
Let m = 39 - 37. Let i be 1/(-2)*-144*m. What is the highest common divisor of i and 18?
18
Let t = 1004 + -936. Calculate the highest common divisor of 8 and t.
4
Suppose 3*x + 4 = 13. Suppose x*q - 2 = w, 0*q - 2*w = 4*q - 16. Calculate the highest common factor of q and 1.
1
Suppose -3*r - 2*r = 0. Suppose -4*x + 0*x + 132 = r. Calculate the highest common factor of x and 11.
11
Let w be -4*3/(-12) - -43. Let y be (-16)/6*(-429)/w. Calculate the greatest common divisor of y and 13.
13
Let z(c) = -2*c**3 + 41*c**2 + 23*c - 27. Let n be z(21). Let b be 20/50 - 673/(-5). What is the highest common divisor of b and n?
15
Suppose 5*r = -4*l + 4*r + 69, 4*l = r + 59. Suppose -23*v + 525 = -27. What is the highest common factor of v and l?
8
Suppose -o - 13 = 3*o + 5*m, 2*o + 4*m = -14. Suppose 0 = o*y - 74 - 118. Calculate the highest common factor of y and 8.
8
Let p(h) = -42*h + 2. Let s be p(2). Let b = s + 177. Let w be 21 + (39/(-13) - -1). Calculate the greatest common divisor of b and w.
19
Let h(q) = q**3 + 10*q**2 - 2*q - 10. Let u be h(-10). What is the highest common factor of u and 18?
2
Let a = 2088 - 2032. Calculate the highest common factor of 40 and a.
8
Suppose -f - 10 = -3*a, 2*f + 2*f = 2*a - 10. Let h be (-286)/26*1*f. What is the greatest common divisor of h and 88?
11
Let p be (5*(-4)/40)/((-1)/496). Calculate the greatest common factor of 16 and p.
8
Let r be 4 + -2 + (-3 - -4). Suppose 2*i + r = 9. Let z(w) = w**3 + 3*w**2 + 4*w - 1. Let f be z(i). Calculate the greatest common divisor of f and 13.
13
Let d be (-1 - (-451)/4) + (-21)/(-84). Suppose -2*s + 32 = -d. Let t be ((-3)/(-2) + -2)*-18. What is the greatest common divisor of s and t?
9
Let i(k) = k**2 - k + 1. Let f be i(2). Suppose p = 4*c + 252, -3*p + 686 = -c + f*c. What is the highest common factor of 29 and p?
29
Let g be 28/(-2)*10/(-35). Suppose 5*l - 98 = -g*j + 72, 65 = 3*l - 5*j. What is the greatest common divisor of l and 75?
15
Let g = 2600 - 1709. Calculate the greatest common factor of g and 11.
11
Let r(v) = v**3 - 7*v**2 + 5*v - 17. Let b = -56 - -63. Let d be r(b). What is the greatest common factor of d and 18?
18
Let r(d) = 2*d - 19. Let p be ((-96)/(-20))/((-6)/(-15)). Let f be r(p). What is the greatest common divisor of f and 25?
5
Suppose 5*h + 5*d + 12 = 2*h, h - 4*d = 13. Let k(r) = -h + 1 + 4*r + 1 + 0 + r**3 - 3*r**2. Let t be k(3). Calculate the greatest common divisor of t and 91.
13
Suppose -6*x + 3*x = -3*b - 48, 58 = 4*x - b. Let n be 2 - 0 - (-33 + -1). Let t be 8/n + (-248)/(-18). Calculate the highest common factor of t and x.
14
Let n be 1*(1008/(-2))/(-3). Suppose -3*p = 4*p - n. What is the greatest common factor of p and 60?
12
Let v = 364 + -312. What is the greatest common factor of v and 130?
26
Let k(o) = 12*o**2 + 5*o - 3. Let i be k(2). Let x = 83 - i. Let m = -23 + x. What is the highest common divisor of m and 25?
5
Suppose 647 = 3*b - 121. Suppose -36*a - b = -40*a. Calculate the highest common factor of 96 and a.
32
Suppose 0 = 3*i - 6, 2*i - 16 = 4*u - 7*u. Let y = -1229 - -1237. Calculate the highest common factor of u and y.
4
Let s = 78 + -44. Let p = -173 - -207. Calculate the highest common factor of s and p.
34
Let p = -12 + 36. Let m = -8 + p. Suppose -2*w - 3*h + 169 = 2*w, 55 = w + 5*h. Calculate the greatest common divisor of m and w.
8
Suppose 11 - 2 = 3*z, -492 = -3*i + 4*z. Calculate the greatest common divisor of 120 and i.
24
Let b(n) = 2 + 70*n**2 - 3 + 45*n**2 - n - 45*n**2. Let o be b(-1). Calculate the greatest common divisor of 28 and o.
14
Let v be 5/((-69)/6 + 12). What is the highest common factor of 1 and v?
1
Suppose -3*r + 5*v - 8 = 0, -4*r + v = 3*v - 24. Suppose -r*s + 363 = -s. What is the highest common divisor of 11 and s?
11
Suppose -15 = -5*s, -2*n - 5*s = -6 - 11. Let w = 1349 - 1342. What is the greatest common factor of n and w?
1
Let v(y) = y**2 + 6*y - 22. Let z be v(-10). Suppose -r = r - z. Let c(o) = 2*o**2 - 4*o + 6. Let l be c(5). What is the greatest common factor of l and r?
9
Suppose -32 = -3*c + 4*a, 0 = -5*c - a + 4*a + 46. Let l = 38 - 35. Suppose -18 - 6 = -l*b. Calculate the greatest common divisor of b and c.
8
Let q be (58 + 1916)/((-2)/(-3)). What is the highest common divisor of q and 47?
47
Let k be (-115116)/10 + 6/(-15). Let p be (-2)/(-8) + k/(-32). Calculate the greatest common factor of 40 and p.
40
Let x(b) = b**3 + 3*b**2 - 2*b - 3. Let s be x(-3). Suppose s*g + 102 = 5*v - 111, 3*g + 171 = 4*v. Calculate the greatest common divisor of v and 112.
14
Let s be (-1)/(-3) + 124/6. Suppose -18*p = -s*p + 12. What is the greatest common factor of 16 and p?
4
Suppose -12*f + 309 - 9 = 0. What is the greatest common divisor of 825 and f?
25
Let q be -1 + (-14)/(-12) + 24453/702. What is the highest common divisor of 105 and q?
35
Suppose -z - 115 = -f, 15 = 2*z + 4*f + 245. Let o = z + 252. Let c be o/6 - 1/(-6). What is the highest common divisor of c and 92?
23
Let g(r) = r**3 + r**2 - r - 3. Let o be g(0). Let i be -3*(-1)/o + 41. What is the highest common divisor of 20 and i?
20
Let y = 151 - 112. Calculate the greatest common factor of 104 and y.
13
Suppose -2*i = -5*g + 604, g - 2*i - 128 = -4. Calculate the greatest common factor of 640 and g.
40
Let j = 235 + -349. Let y = j - -7. Let a be 2/(-3) - y/3. Calculate the highest common factor of a and 14.
7
Let i = 397 + -361. What is the highest common factor of 108 and i?
36
Suppose 11*n - 9*n - 512 = 4*s, 4*n + s - 997 = 0. Calculate the greatest common divisor of n and 20.
10
Suppose -26 = -5*k - p, -3*p - 30 = -5*k + 12. What is the greatest common divisor of 42 and k?
6
Suppose 22*f - 7561 = 4121. Calculate the greatest common factor of f and 9.
9
Let v be 254/((-4)/(8/(-4))). Let x = -62 + v. Calculate the greatest common factor of 26 and x.
13
Let t = 666 + -648. Calculate the greatest common factor of 9 and t.
9
Let a be 2*1/((-2)/(-29)). Let n(j) = 30*j - 61. Let w be n(3). What is the highest common divisor of a and w?
29
Suppose -72 = 2*f - 4*f. Suppose -142 = -18*i + 16*i. Suppose -t - 47 = -i. Calculate the greatest common factor of t and f.
12
Suppose s + 4*s - 33 = -u, 4*s = 4*u + 12. Suppose -s*z - 5*z = -616. What is the highest common divisor of 7 and z?
7
Let k(j) = 2*j**3 - 29*j**2 + 40*j + 9. Let f be k(13). Suppose 0 = 5*z - 2*t - 57, t = -3*z + 23 + 9. Calculate the highest common divisor of f and z.
11
Let t be (-2 + 80)*(-2)/(-3). Let j = -691 + 951. What is the highest common divisor of j and t?
52
Let c = 329 - -23. Calculate the highest common divisor of c and 128.
32
Let d = 1822 - 1442. Calculate the highest common factor of d and 80.
20
Let g(c) = 24*c + 315. Let j be g(